digit of 4712129?
2
What is the ten thousands digit of 756399?
5
What is the hundred thousands digit of 1331765?
3
What is the units digit of 371656?
6
What is the tens digit of 77702?
0
What is the thousands digit of 2009071?
9
What is the hundreds digit of 14516777?
7
What is the units digit of 245004?
4
What is the thousands digit of 494510?
4
What is the thousands digit of 6320046?
0
What is the tens digit of 3184113?
1
What is the tens digit of 38496?
9
What is the hundred thousands digit of 1032319?
0
What is the millions digit of 12087405?
2
What is the hundreds digit of 503029?
0
What is the thousands digit of 5066187?
6
What is the ten thousands digit of 39368342?
6
What is the millions digit of 1220756?
1
What is the hundreds digit of 130984?
9
What is the ten thousands digit of 314917?
1
What is the tens digit of 140378?
7
What is the hundred thousands digit of 280944?
2
What is the millions digit of 1222135?
1
What is the ten thousands digit of 3743032?
4
What is the thousands digit of 99520?
9
What is the tens digit of 334857?
5
What is the tens digit of 191749?
4
What is the millions digit of 35519793?
5
What is the thousands digit of 2519538?
9
What is the tens digit of 55786?
8
What is the ten thousands digit of 287432?
8
What is the tens digit of 23652969?
6
What is the millions digit of 3032213?
3
What is the hundred thousands digit of 1967168?
9
What is the units digit of 452627?
7
What is the tens digit of 2717558?
5
What is the ten thousands digit of 272157?
7
What is the tens digit of 8650891?
9
What is the hundreds digit of 722810?
8
What is the units digit of 6118585?
5
What is the hundred thousands digit of 351062?
3
What is the units digit of 90646?
6
What is the hundred thousands digit of 20239837?
2
What is the tens digit of 3926702?
0
What is the units digit of 9344884?
4
What is the ten thousands digit of 22573352?
7
What is the hundreds digit of 1553798?
7
What is the ten thousands digit of 5173836?
7
What is the thousands digit of 2652192?
2
What is the ten thousands digit of 1283968?
8
What is the ten thousands digit of 78843?
7
What is the ten thousands digit of 15808?
1
What is the units digit of 238773?
3
What is the units digit of 767803?
3
What is the tens digit of 1646653?
5
What is the hundreds digit of 522065?
0
What is the ten thousands digit of 3466066?
6
What is the hundred thousands digit of 187975?
1
What is the hundred thousands digit of 2290760?
2
What is the hundreds digit of 290329?
3
What is the hundred thousands digit of 7249628?
2
What is the tens digit of 99672?
7
What is the hundred thousands digit of 10462547?
4
What is the units digit of 24241949?
9
What is the hundred thousands digit of 334891?
3
What is the hundreds digit of 8459663?
6
What is the ten thousands digit of 755432?
5
What is the millions digit of 2034240?
2
What is the thousands digit of 7507011?
7
What is the thousands digit of 10050736?
0
What is the units digit of 913633?
3
What is the ten thousands digit of 9930501?
3
What is the thousands digit of 20781001?
1
What is the thousands digit of 819571?
9
What is the ten thousands digit of 593300?
9
What is the thousands digit of 50752?
0
What is the tens digit of 422216?
1
What is the hundreds digit of 337982?
9
What is the tens digit of 1294209?
0
What is the hundreds digit of 1340682?
6
What is the hundreds digit of 65874?
8
What is the ten thousands digit of 202120?
0
What is the hundred thousands digit of 185270?
1
What is the millions digit of 8926421?
8
What is the ten thousands digit of 1767665?
6
What is the units digit of 124688?
8
What is the hundreds digit of 37470?
4
What is the hundred thousands digit of 813960?
8
What is the hundred thousands digit of 255144?
2
What is the thousands digit of 44602?
4
What is the ten thousands digit of 5267259?
6
What is the hundreds digit of 303263?
2
What is the units digit of 50907?
7
What is the hundreds digit of 1819541?
5
What is the hundreds digit of 4231561?
5
What is the hundred thousands digit of 850153?
8
What is the hundred thousands digit of 413672?
4
What is the hundreds digit of 2460881?
8
What is the ten thousands digit of 83749?
8
What is the ten thousands digit of 187913?
8
What is the millions digit of 1026105?
1
What is the tens digit of 4413168?
6
What is the tens digit of 1136256?
5
What is the hundred thousands digit of 137589?
1
What is the tens digit of 232469?
6
What is the hundred thousands digit of 18253095?
2
What is the hundreds digit of 180596?
5
What is the hundreds digit of 3624819?
8
What is the tens digit of 847882?
8
What is the tens digit of 2218546?
4
What is the thousands digit of 158680?
8
What is the tens digit of 1020761?
6
What is the hundred thousands digit of 206439?
2
What is the thousands digit of 452624?
2
What is the units digit of 836701?
1
What is the units digit of 1339789?
9
What is the tens digit of 1363192?
9
What is the tens digit of 498158?
5
What is the thousands digit of 198220?
8
What is the units digit of 4103843?
3
What is the thousands digit of 8982139?
2
What is the ten thousands digit of 1711021?
1
What is the hundred thousands digit of 4309156?
3
What is the units digit of 173355?
5
What is the units digit of 615612?
2
What is the hundreds digit of 3443164?
1
What is the hundreds digit of 224514?
5
What is the hundreds digit of 4254727?
7
What is the thousands digit of 2069334?
9
What is the thousands digit of 1537749?
7
What is the units digit of 17076961?
1
What is the hundreds digit of 1911055?
0
What is the hundred thousands digit of 306820?
3
What is the units digit of 217287?
7
What is the thousands digit of 1137302?
7
What is the millions digit of 1282124?
1
What is the hundred thousands digit of 222821?
2
What is the millions digit of 1316355?
1
What is the millions digit of 6452110?
6
What is the units digit of 12438869?
9
What is the thousands digit of 518508?
8
What is the millions digit of 4424786?
4
What is the thousands digit of 1749097?
9
What is the hundreds digit of 12748561?
5
What is the ten thousands digit of 50629?
5
What is the ten thousands digit of 346130?
4
What is the tens digit of 34571?
7
What is the units digit of 2720066?
6
What is the hundred thousands digit of 502536?
5
What is the thousands digit of 615254?
5
What is the tens digit of 570415?
1
What is the thousands digit of 1489333?
9
What is the millions digit of 1556380?
1
What is the hundred thousands digit of 2713644?
7
What is the ten millions digit of 10636349?
1
What is the units digit of 99969?
9
What is the units digit of 223762?
2
What is the hundred thousands digit of 2497065?
4
What is the thousands digit of 189161?
9
What is the thousands digit of 115797?
5
What is the tens digit of 7477387?
8
What is the tens digit of 147411?
1
What is the tens digit of 1000504?
0
What is the tens digit of 5288528?
2
What is the ten thousands digit of 392511?
9
What is the hundreds digit of 1956178?
1
What is the ten thousands digit of 2333179?
3
What is the units digit of 1860604?
4
What is the ten millions digit of 15625717?
1
What is the tens digit of 409202?
0
What is the millions digit of 6805139?
6
What is the units digit of 12131679?
9
What is the ten thousands digit of 744980?
4
What is the millions digit of 1176369?
1
What is the hundreds digit of 1343865?
8
What is the hundreds digit of 3367?
3
What is the hundreds digit of 938206?
2
What is the thousands digit of 182178?
2
What is the ten thousands digit of 11377367?
7
What is the ten thousands digit of 8892206?
9
What is the hundred thousands digit of 199733?
1
What is the hundred thousands digit of 131521?
1
What is the tens digit of 17754?
5
What is the tens digit of 944386?
8
What is the ten thousands digit of 10599716?
9
What is the units digit of 41461?
1
What is the hundred thousands digit of 3892048?
8
What is the thousands digit of 287217?
7
What is the millions digit of 4565283?
4
What is the thousands digit of 3360084?
0
What is the ten thousands digit of 26661?
2
What is the thousands digit of 1346249?
6
What is the ten thousands digit of 8962430?
6
What is the thousands digit of 4199068?
9
What is the ten thousands digit of 54911?
5
What is the tens digit of 3565209?
0
What is the ten thousands digit of